{"id":1109,"date":"2022-04-14T19:26:39","date_gmt":"2022-04-15T00:26:39","guid":{"rendered":"http:\/\/www1.tropicclearwater.com\/?post_type=product&#038;p=1109"},"modified":"2022-04-14T20:34:32","modified_gmt":"2022-04-15T01:34:32","slug":"modelo-sb-max-pro-series","status":"publish","type":"product","link":"https:\/\/tropicclearwater.com\/?product=modelo-sb-max-pro-series","title":{"rendered":"Modelo residencial SB-MAX Pro"},"content":{"rendered":"<p style=\"text-align: left;\"><strong>Beneficios de SCALEBLASTER:<\/strong><br \/>\nSCALEBLASTER remover\u00e1 cualquier deposito de sarro, adem\u00e1s prolongar\u00e1 la vida de:<br \/>\n\u2022 Sistemas de tuber\u00edas \u2022 Calentadores de deposito<br \/>\n\u2022 Lavavajillas \u2022 Calentadores de paso \u2022 Lavadoras \u2022 Inodoros \u2022 Grifos \u2022 Regaderas \u2022 Fregaderos \u2022 Cafeteras \u2022 Humificadores \u2022 Refrigeradores<\/p>\n<p>El Problema\u00a0\u00a0\u00a0\u00a0\u00a0\u00a0\u00a0\u00a0\u00a0\u00a0 El Resultado<\/p>\n<p><img loading=\"lazy\" decoding=\"async\" class=\"alignnone wp-image-1114 size-full\" src=\"http:\/\/www1.tropicclearwater.com\/wp-content\/uploads\/2022\/04\/problema.jpg\" alt=\"El Problema\" width=\"127\" height=\"147\" \/> <img loading=\"lazy\" decoding=\"async\" class=\"alignnone wp-image-1115 size-full\" src=\"http:\/\/www1.tropicclearwater.com\/wp-content\/uploads\/2022\/04\/solucion.jpg\" alt=\"El Resultado\" width=\"127\" height=\"147\" \/><\/p>\n<p style=\"text-align: left;\"><strong>Amigable con tu Hogar, Salud y el Medio Ambiente<\/strong><br \/>\nSCALEBLASTER la soluci\u00f3n econ\u00f3mica saludable y eco-amigable para solucionar los problemas del agua con sarro. Los suavizadores de agua remplazan el calcio con sal, estos desechan qu\u00edmicos da\u00f1inos en el flujo del agua.<\/p>\n<p><img loading=\"lazy\" decoding=\"async\" class=\"wp-image-1116 size-full aligncenter\" src=\"http:\/\/www1.tropicclearwater.com\/wp-content\/uploads\/2022\/04\/image07189164005-845x321-1.jpg\" alt=\"\" width=\"845\" height=\"321\" srcset=\"https:\/\/tropicclearwater.com\/wp-content\/uploads\/2022\/04\/image07189164005-845x321-1.jpg 845w, https:\/\/tropicclearwater.com\/wp-content\/uploads\/2022\/04\/image07189164005-845x321-1-300x114.jpg 300w, https:\/\/tropicclearwater.com\/wp-content\/uploads\/2022\/04\/image07189164005-845x321-1-768x292.jpg 768w, https:\/\/tropicclearwater.com\/wp-content\/uploads\/2022\/04\/image07189164005-845x321-1-600x228.jpg 600w\" sizes=\"auto, (max-width: 845px) 100vw, 845px\" \/><\/p>\n","protected":false},"excerpt":{"rendered":"<p><span style=\"color: #993300;\"><em><strong>SIN SAL, SIN QU\u00cdMICOS, SIN FILTROS, SIN MANTENIMIENTO<br \/>\n<\/strong><\/em><\/span><\/p>\n<p><img loading=\"lazy\" decoding=\"async\" class=\"size-full wp-image-1118 alignleft\" src=\"http:\/\/www1.tropicclearwater.com\/wp-content\/uploads\/2022\/04\/eco-friendly.jpg\" alt=\"\" width=\"225\" height=\"225\" srcset=\"https:\/\/tropicclearwater.com\/wp-content\/uploads\/2022\/04\/eco-friendly.jpg 225w, https:\/\/tropicclearwater.com\/wp-content\/uploads\/2022\/04\/eco-friendly-150x150.jpg 150w\" sizes=\"auto, (max-width: 225px) 100vw, 225px\" \/><\/p>\n<p>\u2022 Instalaciones en interiores o exteriores<br \/>\n\u2022 Casas de hasta 5,000 m2<br \/>\n\u2022 Para \u00e1reas con dureza extrema (m\u00e1s de 20 gpg)<br \/>\n\u2022 Soporta tuber\u00edas de hasta 1\u00bd\u201d<br \/>\n\u2022 Fabricado en metal de excelente calidad<\/p>\n","protected":false},"featured_media":1110,"comment_status":"closed","ping_status":"closed","template":"","meta":[],"product_cat":[27],"product_tag":[28],"class_list":{"0":"post-1109","1":"product","2":"type-product","3":"status-publish","4":"has-post-thumbnail","6":"product_cat-scaleblaster","7":"product_tag-scaleblaster","8":"post","10":"first","11":"instock","12":"taxable","13":"shipping-taxable","14":"product-type-simple"},"_links":{"self":[{"href":"https:\/\/tropicclearwater.com\/index.php?rest_route=\/wp\/v2\/product\/1109","targetHints":{"allow":["GET"]}}],"collection":[{"href":"https:\/\/tropicclearwater.com\/index.php?rest_route=\/wp\/v2\/product"}],"about":[{"href":"https:\/\/tropicclearwater.com\/index.php?rest_route=\/wp\/v2\/types\/product"}],"replies":[{"embeddable":true,"href":"https:\/\/tropicclearwater.com\/index.php?rest_route=%2Fwp%2Fv2%2Fcomments&post=1109"}],"wp:featuredmedia":[{"embeddable":true,"href":"https:\/\/tropicclearwater.com\/index.php?rest_route=\/wp\/v2\/media\/1110"}],"wp:attachment":[{"href":"https:\/\/tropicclearwater.com\/index.php?rest_route=%2Fwp%2Fv2%2Fmedia&parent=1109"}],"wp:term":[{"taxonomy":"product_cat","embeddable":true,"href":"https:\/\/tropicclearwater.com\/index.php?rest_route=%2Fwp%2Fv2%2Fproduct_cat&post=1109"},{"taxonomy":"product_tag","embeddable":true,"href":"https:\/\/tropicclearwater.com\/index.php?rest_route=%2Fwp%2Fv2%2Fproduct_tag&post=1109"}],"curies":[{"name":"wp","href":"https:\/\/api.w.org\/{rel}","templated":true}]}}